{"id":472,"date":"2022-08-27T12:40:56","date_gmt":"2022-08-27T12:40:56","guid":{"rendered":"http:\/\/kiallunkagyermekedert.hu\/?page_id=472"},"modified":"2022-08-27T13:14:14","modified_gmt":"2022-08-27T13:14:14","slug":"hitvallas","status":"publish","type":"page","link":"http:\/\/kiallunkagyermekedert.hu\/index.php\/hitvallas\/","title":{"rendered":"Hitvall\u00e1s"},"content":{"rendered":"\n<p><strong>A ki\u00e1llunk a gyermeked\u00e9rt civil aktivista csoport egy olyan nonprofit k\u00f6zhaszn\u00fa szervezet, amely val\u00f3s inform\u00e1ci\u00f3kkal l\u00e1tja el a k\u00f6zv\u00e9lem\u00e9nyt a gyermekv\u00e9delmi hivatali vissza\u00e9l\u00e9sekr\u0151l.<\/strong><br>Inform\u00e1ci\u00f3kat ny\u00fajtunk a b\u00edr\u00f3s\u00e1gok igazs\u00e1gszolg\u00e1ltat\u00e1si tev\u00e9kenys\u00e9ge kapcs\u00e1n is.<br>A nyilv\u00e1noss\u00e1g biztos\u00edt\u00e1sa nem \u00f6nc\u00e9l\u00fa, hanem a peres felek, de els\u0151sorban a gyermekek, mint az &#8222;elj\u00e1r\u00e1s t\u00e1rgy\u00e1nak&#8221; \u00e9rdekeit szolg\u00e1lja. A hivatali elj\u00e1r\u00e1sok &#8211; mint k\u00f6zfeladati tev\u00e9kenys\u00e9g &#8211; \u00e9s az \u00edt\u00e9lkez\u00e9s nyilv\u00e1noss\u00e1g\u00e1hoz val\u00f3 jog c\u00edmzettje ugyanis \u2013 mind jogt\u00f6rt\u00e9neti, mind dogmatikai szempontb\u00f3l \u2013 a peres f\u00e9l, \u00e9s a gyermekek, akinek jogi \u00e9rdeke f\u0171z\u0151dik ahhoz, hogy jogvit\u00e1j\u00e1ban az elj\u00e1r\u00f3 szerv a nyilv\u00e1noss\u00e1g kontrollja mellett tisztess\u00e9ges elj\u00e1r\u00e1sban j\u00e1rjon el. <strong>A nyilv\u00e1noss\u00e1g r\u00e9v\u00e9n \u2013 az ellen\u0151rizhet\u0151s\u00e9g mellett \u2013 biztos\u00edthat\u00f3 a p\u00e1rtatlans\u00e1g<\/strong> \u00e9s nem utols\u00f3sorban alkalmas arra is, hogy a t\u00e1rsadalomnak a hivatali elj\u00e1r\u00e1sokr\u00f3l, a k\u00f6zfeladatok v\u00e9gz\u00e9s\u00e9r\u0151l \u00e9s az igazs\u00e1gszolg\u00e1ltat\u00e1sr\u00f3l &#8211; a b\u00edr\u00f3s\u00e1gokr\u00f3l &#8211; kialakult k\u00e9p\u00e9t, v\u00e9lem\u00e9ny\u00e9t, v\u00e9gs\u0151 soron pedig az abba vetett bizalm\u00e1t befoly\u00e1solja.<\/p>\n\n\n\n<p>Senki \u2013 f\u0151leg egy hivatalos szem\u00e9ly \u2013 nem szereti, ha kioktatj\u00e1k arr\u00f3l, hogy mit tehet, \u00e9s mit nem. Ez\u00e9rt egyszer\u0171en csak a rendelkez\u00e9s\u00fckre &#8211; \u00e9s a t\u00e1rsadalom rendelkez\u00e9s\u00e9re &#8211; bocs\u00e1tjuk a t\u00e9nyeket, hogy ezzel k\u00e9pess\u00e9 tegy\u00fck \u0151ket arra, hogy \u00fagy d\u00f6ntsenek, ahogy azt a t\u00e1rsadalom elv\u00e1rja t\u0151l\u00fck, a t\u00e9nyek, a j\u00f3zan \u00e9sz \u00e9s az ezen alapul\u00f3 \u00e9s egyben ezeket v\u00e9d\u0151 \u00e9s al\u00e1t\u00e1maszt\u00f3 jogrendszer alapj\u00e1n.<br><br>A ki\u00e1llunk a gyermeked\u00e9rt kamp\u00e1nyai ezenk\u00edv\u00fcl m\u00e9g olyan tev\u00e9kenys\u00e9geket is tartalmaznak, amelyekhez a jogos \u00e9rdekeikben s\u00e9r\u00fclt felek, vagy b\u00e1rki, aki egyet\u00e9rt a tev\u00e9kenys\u00e9g\u00fcnkkel, csatlakozhatnak, \u00e9s amelyek az igazs\u00e1gos igazs\u00e1gszolg\u00e1ltat\u00e1st n\u00e9pszer\u0171s\u00edtik. Ezek a tev\u00e9kenys\u00e9gek egyszer\u0171ek, hat\u00e9konyak, \u00e9s mindenki r\u00e9szt vehet benn\u00fck. Lehet\u0151s\u00e9g van Fcabook csoportunkhoz csatlakozni, sz\u00fcl\u0151i k\u00f6z\u00f6ss\u00e9geket l\u00e9trehozni, gyermeknevel\u00e9si tapasztalatokat megosztani, vagy tan\u00e1csot k\u00e9rni. Gyakorlatilag minden, a gyermekek j\u00f3l\u00e9t\u00e9vel kapcsolatos k\u00e9rd\u00e9sben szeretn\u00e9nk fel\u00fcletet biztos\u00edtani, jogaik v\u00e9delme mellett.<\/p>\n\n\n\n<p>V\u00edzi\u00f3nk egy orsz\u00e1gos m\u00e9ret\u0171 \u00f6nk\u00e9ntesi h\u00e1l\u00f3zat, mely a nyilv\u00e1noss\u00e1g erej\u00e9vel k\u00fcl\u00f6nb\u00f6z\u0151 m\u00f3dokon l\u00e1tja el a feladat\u00e1t. Demonstr\u00e1ci\u00f3k szervez\u00e9s\u00e9vel, t\u00e1bl\u00e1k kit\u0171z\u00e9s\u00e9vel, k\u00f6z\u00e9rdek\u0171 adatok ig\u00e9nyl\u00e9s\u00e9vel vagy puszt\u00e1n &#8222;csak&#8221; egym\u00e1s seg\u00edt\u00e9s\u00e9vel &#8211; probl\u00e9m\u00e1ik meghallgat\u00e1s\u00e1val, bar\u00e1ts\u00e1gok l\u00e9trehoz\u00e1s\u00e1val. Ezek a tev\u00e9kenys\u00e9gek m\u00e1r t\u00f6bbsz\u00f6r lehet\u0151v\u00e9 tett\u00e9k, hogy a t\u00e1rsadalom megismerje a csal\u00e1djogban elj\u00e1r\u00f3 szervek \u00e9s igazs\u00e1g\u00fcgyi szak\u00e9rt\u0151k rombol\u00f3 hat\u00e1sait, \u00e9s t\u00f6bb esetben val\u00f3s, \u00e9rdemi v\u00e1ltoz\u00e1st hoztak a elj\u00e1r\u00e1sok dinamik\u00e1j\u00e1ban, nem egyszer egyes\u00edtve a sz\u00e9tv\u00e1lasztott gyermekeket sz\u00fcleikkel.<\/p>\n\n\n\n<p>Az\u00a0Egyes\u00fclet megadja \u00f6nnek azokat az inform\u00e1ci\u00f3kat \u00e9s seg\u00edts\u00e9get, amelyekre sz\u00fcks\u00e9ge van ahhoz, hogy \u00f6n is ki\u00e1lljon a gyermek\u00e9\u00e9rt, jogos \u00faton k\u00f6vetelhesse az igazs\u00e1gos elj\u00e1r\u00e1shoz kapcsol\u00f3d\u00f3, az Alapt\u00f6rv\u00e9nyben r\u00f6gz\u00edtett jogait, vagy elind\u00edtson egy felvil\u00e1gos\u00edt\u00f3 \u00e9s megel\u0151z\u0151 vagy m\u00e1sok sz\u00e1m\u00e1ra is hasznos tev\u00e9kenys\u00e9get a ter\u00fclet\u00e9n.<\/p>\n","protected":false},"excerpt":{"rendered":"<p>A ki\u00e1llunk a gyermeked\u00e9rt civil aktivista csoport egy olyan nonprofit k\u00f6zhaszn\u00fa szervezet, amely val\u00f3s inform\u00e1ci\u00f3kkal l\u00e1tja el a k\u00f6zv\u00e9lem\u00e9nyt a gyermekv\u00e9delmi hivatali vissza\u00e9l\u00e9sekr\u0151l.Inform\u00e1ci\u00f3kat ny\u00fajtunk a b\u00edr\u00f3s\u00e1gok igazs\u00e1gszolg\u00e1ltat\u00e1si tev\u00e9kenys\u00e9ge kapcs\u00e1n is.A nyilv\u00e1noss\u00e1g biztos\u00edt\u00e1sa nem \u00f6nc\u00e9l\u00fa, hanem a peres felek, de els\u0151sorban a gyermekek, mint az &#8222;elj\u00e1r\u00e1s t\u00e1rgy\u00e1nak&#8221; \u00e9rdekeit szolg\u00e1lja. A hivatali elj\u00e1r\u00e1sok &#8211; mint k\u00f6zfeladati tev\u00e9kenys\u00e9g&hellip;&nbsp;<a href=\"http:\/\/kiallunkagyermekedert.hu\/index.php\/hitvallas\/\" rel=\"bookmark\">Read More &raquo;<span class=\"screen-reader-text\">Hitvall\u00e1s<\/span><\/a><\/p>\n","protected":false},"author":1,"featured_media":0,"parent":0,"menu_order":0,"comment_status":"closed","ping_status":"closed","template":"","meta":{"_seopress_robots_primary_cat":"","neve_meta_sidebar":"","neve_meta_container":"","neve_meta_enable_content_width":"","neve_meta_content_width":0,"neve_meta_title_alignment":"","neve_meta_author_avatar":"","neve_post_elements_order":"","neve_meta_disable_header":"","neve_meta_disable_footer":"","neve_meta_disable_title":"","footnotes":""},"class_list":["post-472","page","type-page","status-publish","hentry"],"_links":{"self":[{"href":"http:\/\/kiallunkagyermekedert.hu\/index.php\/wp-json\/wp\/v2\/pages\/472","targetHints":{"allow":["GET"]}}],"collection":[{"href":"http:\/\/kiallunkagyermekedert.hu\/index.php\/wp-json\/wp\/v2\/pages"}],"about":[{"href":"http:\/\/kiallunkagyermekedert.hu\/index.php\/wp-json\/wp\/v2\/types\/page"}],"author":[{"embeddable":true,"href":"http:\/\/kiallunkagyermekedert.hu\/index.php\/wp-json\/wp\/v2\/users\/1"}],"replies":[{"embeddable":true,"href":"http:\/\/kiallunkagyermekedert.hu\/index.php\/wp-json\/wp\/v2\/comments?post=472"}],"version-history":[{"count":8,"href":"http:\/\/kiallunkagyermekedert.hu\/index.php\/wp-json\/wp\/v2\/pages\/472\/revisions"}],"predecessor-version":[{"id":486,"href":"http:\/\/kiallunkagyermekedert.hu\/index.php\/wp-json\/wp\/v2\/pages\/472\/revisions\/486"}],"wp:attachment":[{"href":"http:\/\/kiallunkagyermekedert.hu\/index.php\/wp-json\/wp\/v2\/media?parent=472"}],"curies":[{"name":"wp","href":"https:\/\/api.w.org\/{rel}","templated":true}]}}